 182664281 prime?
True
Is 33470963 a composite number?
True
Is 3394277 composite?
False
Is 64144477 prime?
False
Is 6980693 a prime number?
False
Is 413429 a prime number?
True
Is 12596849 prime?
True
Is 6206327 composite?
False
Is 488327 a prime number?
False
Is 38509851 prime?
False
Is 176321051 a prime number?
True
Is 3127463 prime?
False
Is 90713 a composite number?
True
Is 465732031 a composite number?
False
Is 756008707 prime?
True
Is 95083379 a prime number?
True
Is 52086371 a composite number?
False
Is 31913359 prime?
True
Is 184392229 composite?
True
Is 10699631 prime?
False
Is 13974535 prime?
False
Is 2813401 a prime number?
True
Is 58699961 a prime number?
True
Is 118297771 a prime number?
True
Is 252171277 prime?
True
Is 314219 a composite number?
False
Is 29508451 a prime number?
False
Is 51079 prime?
False
Is 7533389 a prime number?
True
Is 43529393 prime?
False
Is 57028493 composite?
False
Is 22742789 composite?
True
Is 51728039 a composite number?
True
Is 131421207 prime?
False
Is 9853801 prime?
True
Is 75792263 prime?
True
Is 5549162 a prime number?
False
Is 49535851 a composite number?
False
Is 18123239 composite?
True
Is 21225511 a composite number?
False
Is 12153083 composite?
True
Is 30800531 composite?
False
Is 402161 a composite number?
True
Is 6959959 a composite number?
True
Is 64463023 a composite number?
False
Is 79898101 composite?
True
Is 13884434 prime?
False
Is 40158211 a prime number?
True
Is 17656189 a prime number?
True
Is 504763 a composite number?
True
Is 3396727 a prime number?
False
Is 370124747 a composite number?
False
Is 196485799 a prime number?
False
Is 100346173 prime?
True
Is 3319429 composite?
True
Is 111534629 a composite number?
True
Is 61384289 composite?
True
Is 9366927 a composite number?
True
Is 11765459 composite?
False
Is 705193 a prime number?
False
Is 33973033 composite?
False
Is 204037 prime?
False
Is 167388223 composite?
False
Is 1265549 a composite number?
False
Is 7179413 composite?
False
Is 1716079 a prime number?
True
Is 15431309 a composite number?
False
Is 287402447 a prime number?
True
Is 9988793 prime?
True
Is 102047 composite?
True
Is 89655323 composite?
False
Is 7126429 composite?
False
Is 192245 composite?
True
Is 8681779 a composite number?
False
Is 67676593 a prime number?
True
Is 67323329 a prime number?
True
Is 12073713 prime?
False
Is 275227 a prime number?
True
Is 6603981 a composite number?
True
Is 77203261 prime?
True
Is 23484091 prime?
True
Is 64608982 composite?
True
Is 17069783 prime?
True
Is 25173839 a composite number?
False
Is 154293421 prime?
False
Is 125537015 composite?
True
Is 109961 prime?
True
Is 4076219 prime?
False
Is 6390481 prime?
False
Is 972707 a composite number?
True
Is 9026029 a prime number?
True
Is 1762757 prime?
False
Is 173956663 a prime number?
True
Is 4901579 composite?
False
Is 409947 a prime number?
False
Is 1966123 composite?
False
Is 404157931 a composite number?
False
Is 60377054 a composite number?
True
Is 40608913 composite?
False
Is 238054 composite?
True
Is 34362823 composite?
True
Is 46088321 a composite number?
False
Is 22112863 a composite number?
True
Is 1075007 prime?
True
Is 3718345 a prime number?
False
Is 65008039 a composite number?
False
Is 536004411 composite?
True
Is 3093479 a prime number?
True
Is 3797797 a prime number?
True
Is 5061857 a composite number?
False
Is 378899 composite?
True
Is 2773997 composite?
False
Is 5871491 prime?
False
Is 14028473 a prime number?
False
Is 249224171 a composite number?
True
Is 2150347 a composite number?
True
Is 97200437 a composite number?
False
Is 18095717 composite?
False
Is 1007431 a prime number?
False
Is 728197 composite?
True
Is 174677 composite?
True
Is 36804203 a prime number?
True
Is 848269 a prime number?
True
Is 13563779 prime?
True
Is 631965119 prime?
True
Is 500854457 prime?
True
Is 863413073 a prime number?
False
Is 44052278 a prime number?
False
Is 456879 a prime number?
False
Is 11220859 composite?
True
Is 244529911 a composite number?
False
Is 609887 a composite number?
False
Is 3369863 composite?
True
Is 4512683 prime?
False
Is 83790593 prime?
False
Is 107525039 a prime number?
True
Is 3058331 composite?
False
Is 22775003 composite?
True
Is 58373974 prime?
False
Is 727613 prime?
True
Is 1838131 a composite number?
False
Is 4023863 composite?
True
Is 149298749 a composite number?
False
Is 1324481 prime?
True
Is 235288201 prime?
False
Is 183281503 composite?
True
Is 2988169 composite?
False
Is 14331437 a composite number?
False
Is 65517 a composite number?
True
Is 3247399 prime?
True
Is 2305463 composite?
False
Is 193712453 composite?
True
Is 4905473 a prime number?
True
Is 3388261 prime?
True
Is 1931561 composite?
True
Is 86825059 composite?
False
Is 14310811 prime?
True
Is 789221 prime?
True
Is 14796401 a composite number?
False
Is 5352251 a composite number?
True
Is 487330133 composite?
True
Is 33228329 composite?
False
Is 76861141 composite?
True
Is 935373 prime?
False
Is 226882946 a prime number?
False
Is 4326263 composite?
False
Is 2572949 a prime number?
True
Is 43499513 prime?
True
Is 1971967 a composite number?
False
Is 3949711 composite?
False
Is 127077503 prime?
False
Is 15810991 composite?
True
Is 15339839 prime?
True
Is 1012463 a composite number?
False
Is 19530011 prime?
True
Is 5426329 a prime number?
False
Is 25263501 composite?
True
Is 50008009 composite?
False
Is 18132769 prime?
True
Is 44602499 a composite number?
False
Is 286801 a prime number?
True
Is 67682413 prime?
True
Is 26582783 a composite number?
False
Is 6559697 prime?
False
Is 112933643 composite?
False
Is 57508963 composite?
True
Is 3093074 prime?
False
Is 133075993 prime?
True
Is 60062623 composite?
True
Is 8635909 a prime number?
False
Is 82074289 prime?
False
Is 13612523 a prime number?
False
Is 4282219 prime?
False
Is 23690623 composite?
True
Is 33674227 a composite number?
True
Is 31831619 a composite number?
False
Is 8420315 a composite number?
True
Is 265801 prime?
False
Is 27235127 a prime number?
False
Is 2845789 a prime number?
True
Is 296663 a prime number?
True
Is 24050617 composite?
True
Is 105059153 a composite number?
False
Is 2401103 a prime number?
True
Is 1634546 a composite number?
True
Is 322092857 a composite number?
False
Is 419999 a prime number?
True
Is 50872069 composite?
False
Is 777839 composite?
False
Is 3185458 composite?
True
Is 188505833 composite?
True
Is 65497567 composite?
True
Is 13076749 a composite number?
True
Is 860487611 prime?
False
Is 132599 a prime number?
False
Is 114391 a composite number?
True
Is 188635277 a prime number?
True
Is 4636747 prime?
False
Is 231640537 composite?
False
Is 372791786 a composite number?
True
Is 8030227 composite?
False
Is 185837687 composite?
True
Is 1231855 composite?
True
Is 2366731 a composite number?
False
Is 195815663 composite?
True
Is 69893731 composite?
True
Is 207130361 composite?
False
Is 16596847 a composite number?
False
Is 270839 a composite number?
True
Is 48455881 composite?
True
Is 1655405 a prime number?
False
Is 5319949 a prime number?
True
Is 46739023 composite?
False
Is 186551 composite?
False
Is 1023911 a prime number?
False
Is 77559941 a composite number?
True
Is 15688663 composite?
True
Is 9051037 a prime number?
False
Is 633939 composite?
True
Is 79045079 prime?
True
Is 742131967 prime?
False
Is 279472339 composite?
True
Is 17768755 a composite number?
True
Is 54114353 a composite number?
False
Is 485315491 a composite number?
False
Is 24800173 prime?
True
Is 23763937 a prime number?
False
Is 53231 a composite number?
False
Is 462559291 composite?
False
Is 53973001 composite?
False
Is 8683231 composite?
False
Is 1009901 a composite number?
False
Is 3589294 a composite number?
True
Is 11371483 a composite number?
True
Is 15257573 a composite number?
False
Is 32579909 a composite number?
True
Is 805927 composite?
True
Is 6280759 a composite number?
False
Is 16708759 composite?
False
Is 675151 composite?
False
Is 3246277 a prime number?
True
Is 2406269 prime?
False
Is 29599586 prime?
False
Is 121093221 prime?
False
Is 21102229 prime?
False
Is 16839307 a prime number?
False
Is 56383829 prime?
True
Is 13646899 prime?
False
Is 34383611 a prime number?
True
Is 50941777 prime?
False
Is 28427447 p